Let t = 8 - 4. Let f(b) = 6*b**2 - 3*b**2 + t*b - 2 - 2*b**2. Determine f(-3).
-5
Suppose -t + 2*z + 6 = -4*t, -5*t - 23 = -z. Let x(p) = -p**3 - 4*p**2 + p - 1. Calculate x(t).
-5
Let h(z) = z**2 + 2*z - 2. Let v be ((-12)/(-15))/(2/5). Suppose 10 = -v*p - 0. Let u(a) = a**2 + 7*a + 7. Let c be u(p). Give h(c).
1
Let o(s) = s**2 + 3*s - 1. Suppose 0 = n + 3*l - 13, 3*l - 33 = 4*n - 2*l. Give o(n).
-3
Let s = -8 - -8. Let v(d) = -4*d + d + s*d. Give v(1).
-3
Let m(f) = 2*f**2 - 3*f + 1. Suppose 4*o = -6 + 18. Calculate m(o).
10
Suppose 3*i + u = -4*u + 5, 0 = 4*i + 5*u - 10. Suppose -3*r - 17 = i*o, -4*o + 2*r = -r + 19. Let t(y) = -2*y - 5. Calculate t(o).
3
Let n(l) = -2*l**2 - 5*l + 7. Let t(q) = q**2 + 4*q - 6. Let x(f) = 3*n(f) + 4*t(f). Let v(h) be the first derivative of x(h). What is v(-2)?
9
Let s = 0 + 5. Let c = s - 8. Let r(u) be the second derivative of u**3/6 + 3*u**2/2 - 6*u. Calculate r(c).
0
Let d = -1 - 2. Let o(s) = -s**3 - 3*s**2 - 9*s + 5. Let u(b) = 2*b**3 + 7*b**2 + 17*b - 9. Let f(y) = d*u(y) - 5*o(y). Calculate f(-5).
7
Let u = 17 + -17. Let r(m) = u*m - 4*m - 2 + 0*m**2 + m**3 - 4*m**2 - 2*m**3. Determine r(-2).
-2
Let d(x) = 21*x**2 + 6*x + 0*x + 5 - 22*x**2. Give d(5).
10
Let j(x) = x - 5. Let y = 19 + 10. Suppose -5*g + 4 = -16, 5*m - g + y = 0. What is j(m)?
-10
Let x = -2 + 5. Let r(u) = 2 - 4*u + 2 + 3*u. Give r(x).
1
Let j(m) = 4*m**2 + 5*m - 3. Let r = -2 - -1. Let d(s) = s**2 + s. Let x(t) = r*j(t) + 3*d(t). Let v = 5 + -3. What is x(v)?
-5
Let d(a) = -a + 11. Let m = 3 + 4. Determine d(m).
4
Let l(h) = 1 + 5 - 6*h**2 - 3*h**3 + 2*h**3 + 0. Determine l(-6).
6
Let m = 2 + -3. Let g(n) = -5*n**3 + n**2 + n - 2. Let c(o) = 10*o**3 - 2*o**2 - 2*o + 3. Let d(z) = 3*c(z) + 5*g(z). Give d(m).
-6
Let y(l) = 5*l - 3. Suppose 6*o - 2 = 5*o. Suppose o*r - 2 = 2. Determine y(r).
7
Let r(s) = -2 - s - 4*s**2 - 5*s + 7*s + 3 - s**3. Calculate r(-3).
-11
Let v(u) = -u**2 + u + 12. Let x(w) = 6*w. Let m be x(0). Give v(m).
12
Let x be 10 + (-9 - -4 - -1). Let t(v) = -v**2 + 4*v. Determine t(x).
-12
Let p(k) = -k. Let z be p(-5). Suppose -5*a = -10*a + z. Let x(b) = b - 7. Let s(u) = 3. Let r(w) = -5*s(w) - 2*x(w). Calculate r(a).
-3
Let g(f) = 8*f**2 + f**3 + 2 - 3 - 8*f**2 + f. What is g(2)?
9
Let k(x) = -x**2 - 6*x - 3. Suppose 0 = -4*g + 12*a - 7*a - 38, -4*g + 2*a = 32. What is k(g)?
-10
Let b = 7 - 5. Let a(d) = 6*d + b - d**2 - d + 3*d - 3*d. What is a(5)?
2
Let g(w) = 4*w - 3. Let h(c) = -5*c + 4. Let b(m) = -4*g(m) - 3*h(m). Calculate b(-3).
3
Suppose -3 - 12 = -5*g. Let b(r) = 3*r + r + r + 1 - g*r. What is b(-3)?
-5
Let y = 4 - 8. Let d(k) = k**2 + 3*k - 3. Let o be d(y). Let n(q) = -2*q**2 + q. Calculate n(o).
-1
Let g(j) = -13*j**2 - 15*j + 7. Let p(x) = 7*x**2 + 8*x - 4. Let u = -5 - -11. Let h(r) = u*g(r) + 11*p(r). What is h(-3)?
-5
Let g(h) = -5 + 3*h**2 - 6*h**2 + h + 2*h**2 - 8*h. Let f be (-3)/(2 + -1 - 0). Let p be f - -2 - (5 + -2). Determine g(p).
7
Let x(r) be the first derivative of -r**4/12 + r**2/2 + r - 1. Let o(u) be the first derivative of x(u). Let c = -18 - -20. What is o(c)?
-3
Suppose 5*u - 4*w = -0*w - 14, -26 = u + 5*w. Let b be (-9)/2 + 3/u. Let o(d) = -2*d - 2. Give o(b).
8
Let l be (2/(-4))/((-3)/6). Let r(q) = -26 - 4*q**3 + 5*q**3 + 27. What is r(l)?
2
Let f(l) = 2*l**2 + 2*l + 1. Suppose -4*j + 20 = -4. Let k = j - 5. Suppose k = -3*d - 5. Calculate f(d).
5
Let q(t) = 2*t**2 - 3*t. Suppose -40*g + 37*g + 9 = 0. Calculate q(g).
9
Let l(z) = -z**2 + 13*z - 2. Let x = -136 + 149. Determine l(x).
-2
Let z = 12 - 8. Let b(n) be the second derivative of -n**4/12 + n**3/6 + n**2 + 4*n. Give b(z).
-10
Let l = 3 + -11. Let k(u) = -u - 17. Give k(l).
-9
Let c(m) = -m**2 - m - 5. Let w be (6*1/9)/(4/(-30)). Calculate c(w).
-25
Let c = 12 + -6. Suppose 2*s = 4*s - c. Let u(t) = t - t**3 - t - 8*t**2 - 2 + 5*t + s*t**2. Give u(-6).
4
Let r be (-7)/(-2)*2 + 2. Let s be r/(-2)*6/9. Let n(z) = z**3 + 4*z**2 + z - 4. What is n(s)?
2
Let o be (-2)/4 - 3/(-6). Let z(j) = 0*j**2 - 5*j**2 + j + 0*j - 2 + 6*j**2. Determine z(o).
-2
Suppose 3*z + 24 = u + 4*u, 4*z + 3*u = -3. Let m(r) = -r**3 - 2*r**2 + 2*r + 1. Determine m(z).
4
Suppose -15 = 4*y + 5, p - y = 12. Let k = -3 + p. Suppose -k*j + 4*r = 0, -3*j - 9*r + 4*r - 8 = 0. Let h(u) = -u**3 - u - 1. Give h(j).
1
Let q(b) be the third derivative of b**9/60480 + b**8/4032 + b**7/1008 - b**6/240 + b**5/15 + 3*b**2. Let o(r) be the third derivative of q(r). What is o(-4)?
-7
Let i(r) = -4*r - 113. Let n be i(-27). Let g(z) = z**3 + 4*z**2 - 7*z - 4. What is g(n)?
6
Let p(w) = 2*w + 1. Let t(m) = 1. Let u(s) = -p(s) - 6*t(s). Determine u(-7).
7
Let w be (-6)/8 + (-460)/(-16). Let c(t) = -25 + w - 2*t + 0*t. Determine c(-5).
13
Suppose -7 = 2*f - 3*f. Let j(t) = t**3 - 8*t**2 + 8*t - 1. Let u be j(f). Let s be (3/(-6) - -1)*u. Let m(g) = -g**2 + 8*g - 3. Give m(s).
12
Let m(i) = -i**2 + 3*i + 5. Let v(x) = -x**2 + 4*x. Let b be v(2). Suppose -b*r = 3*n - 9, 3*r = 6*r. Suppose 8 - n = j. Give m(j).
-5
Let b be 60/50*(-10)/4. Let u(f) = -f**2 - 6*f - 4. Determine u(b).
5
Let d(z) = -2*z**2 - 9*z + 5. Let f(n) be the first derivative of -n**3/3 - n**2/2 + n - 4. Let b(i) = d(i) - 3*f(i). Calculate b(6).
2
Let t(j) = -2*j**2 + 2 - 9*j + 1 + 0*j**2 + 6. Let v(d) = d**2 + 5*d - 5. Let b(r) = 6*t(r) + 11*v(r). Calculate b(2).
-3
Let j(y) = y**3 - y**2 + y - 1. Let u(s) = 5*s**3 - s**2 + 12*s - 3. Let d(w) = -6*j(w) + u(w). What is d(6)?
3
Let b(s) = s**2 + s - 2. Let a be (1 + -1)/(-2) + 0. Suppose -z = -a*z. What is b(z)?
-2
Let p(y) = -8*y**3 + 2*y - 1. Suppose -u = -5*t + 4, -2*t = 5*u + 2*t - 9. Calculate p(u).
-7
Suppose 0 = b - 3 + 8. Let m be (-57)/15 + 1/b. Let c(k) = k**3 + 5*k**2 + 4*k - 5. What is c(m)?
-5
Suppose 17 = 20*p + 77. Let m = -4 + 6. Let h(g) = 5*g - 3*g + 2*g**m - g**2. What is h(p)?
3
Suppose 58 = -5*z + 83. Let p(x) = x**2 - 5*x. Give p(z).
0
Let a(z) = z**2 - 12. Let o(n) = -n**2 + n + 13. Let q(x) = -6*a(x) - 5*o(x). What is q(-5)?
7
Suppose -6*y + 5*y = 3. Let s(o) = o**3 + 2*o**2 - 3*o - 2. What is s(y)?
-2
Let s(v) be the third derivative of -v**4/24 - 5*v**3/6 - 2*v**2 - 23*v. Suppose -i + 2*z - 5 = 11, -3*z + 3 = 2*i. What is s(i)?
1
Let r(n) be the first derivative of -3*n + 4*n + n**2 - 2 - 5*n. Let i(f) = -2*f + 5. Let j be i(4). Determine r(j).
-10
Let l(x) = 3*x**2 + 3*x + 2. Let q(a) = -10*a**2 - 10*a - 7. Let o(i) = -7*l(i) - 2*q(i). What is o(0)?
0
Let f(o) = -3*o + 4. Let d(y) = 1. Let c(h) = -3*d(h) + f(h). Let v be (-2)/(-5) - (-13)/5. Determine c(v).
-8
Suppose 0 = y - 5*w + 35, 2*w - 50 = -0*y + 4*y. Let q(x) = -x**3 - 10*x**2 - 2*x - 14. Calculate q(y).
6
Let n(x) be the first derivative of -1/3*x**3 - 1 - 2*x**2 + 0*x. What is n(-5)?
-5
Let a(b) = b**3 + 3*b**2 + 8*b + 8. Let j(y) = y**3 + 2*y**2 + 5*y + 5. Let z(s) = 5*a(s) - 8*j(s). What is z(-1)?
2
Let i(p) = p**3 + 3*p**2 - p + 4. Suppose -3*l + 3*j - j = -14, 0 = j + 4. Let w be 0/(-4 + l - -1). Suppose -3 = v - 3*t, -3*v + w*t - 9 = -t. Calculate i(v).
7
Let a(k) = k**3 - 6*k**2 - 4. Suppose 4*n - 3 = 3*n. Let p be (-1)/n*0 - -6. Give a(p).
-4
Let l(a) be the third derivative of 0*a - 1/60*a**5 - 1/6*a**3 + 0 + a**2 + 1/24*a**4. What is l(2)?
-3
Let u(t) be the second derivative of -t**5/40 + t**3/2 + t. Let m(k) be the second derivative of u(k). Give m(-2).
6
Let x(h) = 1. Let n(q) = q - 13. Let b(k) = n(k) - x(k). Calculate b(10).
-4
Let k(o) = o**3 + 3*o**2 + o + 2. Let m be (51/(-15) + 3)*5. What is k(m)?
4
Let m = -10 + 6. Let g(q) = 3*q - 12. Let i(y) = 7*y - 25. Let a(c) = -9*g(c) + 4*i(c). Give a(m).
4
Let d be 2 + (2 - -3)*-1. Let y = d - -5. Let i(o) = 6*o + 6. Let w(u) = -7*u - 7. Let m(n) = 5*i(n) + 4*w(n). Give m(y).
6
Let i(a) = -6. Let y(c) = -c - 25. Let l(g) = -26*i(g) + 6*y(g). Let m(p) = 7*p - 7. Let z(q) = 6*l(q) + 5*m(q). Calculate z(-4).
5
Let k(v) be the third derivative of -v**6/120 + 7*v**5/60 - v**4/4 + v**3/6 - v**2 - 14. What is k(6)?
1
Suppose n + 0*n = 6. Let f(b) = b**3 - 6*b**2 + 1. Give f(n).
1
Let p = 6 + -6. Let n(z) = z + p + 1 + 1 + 2. What is n(-4)?
0
Let n(r) be the first derivative of r**4/4 - r**3 - 3*r**2/2 - r + 1. Give n(4).
3
Let w(d) = d**3 - 6*d**2 + 4*d + 7. Let f(p) = 8*p + 1. Let i be f(1). Let a be (6/i)/(2